{"id":325,"date":"2021-07-21T08:35:00","date_gmt":"2021-07-21T06:35:00","guid":{"rendered":"https:\/\/www.tillty.com\/tandoori-masala\/?page_id=325"},"modified":"2025-06-18T09:37:48","modified_gmt":"2025-06-18T07:37:48","slug":"indisktakeaway","status":"publish","type":"page","link":"https:\/\/www.tillty.com\/tandoori-masala\/","title":{"rendered":"Indisk Take Away"},"content":{"rendered":"\n<h2 class=\"wp-block-heading\">Bestil Indisk Take Away&nbsp;<\/h2>\n\n\n\n<p>Har du s\u00e6rlige \u00f8nsker? S\u00e5 ring til os p\u00e5 <a href=\"tel:78707877\">78707877<\/a>  h\u00f8r mere om, hvad restauranterne tilbyder.<\/p>\n\n\n\n<h3 class=\"wp-block-heading\">Husk at v\u00e6lge, hvor meget chili der skal i retterne.<\/h3>\n\n\n\n<figure class=\"wp-block-image aligncenter size-large\"><img data-recalc-dims=\"1\" loading=\"lazy\" decoding=\"async\" width=\"1024\" height=\"180\" src=\"https:\/\/i0.wp.com\/www.tandoori-masala.dk\/wp-content\/uploads\/sites\/120\/2021\/12\/chili-o-meter_tandoorimasala_desktop-1024x180.png?resize=1024%2C180&#038;ssl=1\" alt=\"\" class=\"wp-image-2403\" srcset=\"https:\/\/i0.wp.com\/www.tillty.com\/tandoori-masala\/wp-content\/uploads\/sites\/120\/2021\/12\/chili-o-meter_tandoorimasala_desktop.png?resize=1024%2C180&amp;ssl=1 1024w, https:\/\/i0.wp.com\/www.tillty.com\/tandoori-masala\/wp-content\/uploads\/sites\/120\/2021\/12\/chili-o-meter_tandoorimasala_desktop.png?resize=300%2C53&amp;ssl=1 300w, https:\/\/i0.wp.com\/www.tillty.com\/tandoori-masala\/wp-content\/uploads\/sites\/120\/2021\/12\/chili-o-meter_tandoorimasala_desktop.png?resize=768%2C135&amp;ssl=1 768w, https:\/\/i0.wp.com\/www.tillty.com\/tandoori-masala\/wp-content\/uploads\/sites\/120\/2021\/12\/chili-o-meter_tandoorimasala_desktop.png?resize=1536%2C270&amp;ssl=1 1536w, https:\/\/i0.wp.com\/www.tillty.com\/tandoori-masala\/wp-content\/uploads\/sites\/120\/2021\/12\/chili-o-meter_tandoorimasala_desktop.png?resize=600%2C105&amp;ssl=1 600w, https:\/\/i0.wp.com\/www.tillty.com\/tandoori-masala\/wp-content\/uploads\/sites\/120\/2021\/12\/chili-o-meter_tandoorimasala_desktop.png?w=1748&amp;ssl=1 1748w\" sizes=\"auto, (max-width: 1000px) 100vw, 1000px\" \/><\/figure>\n\n\n\n<div id=\"sma-retter\" class=\"wp-block-group is-layout-flow wp-block-group-is-layout-flow\">\n<\/div>\n\n\n\n<div id=\"menuer\" class=\"wp-block-group is-layout-flow wp-block-group-is-layout-flow\">\n<\/div>\n\n\n\n<div id=\"sizzlers\" class=\"wp-block-group is-layout-flow wp-block-group-is-layout-flow\">\n<\/div>\n\n\n\n<div id=\"biryani\" class=\"wp-block-group is-layout-flow wp-block-group-is-layout-flow\">\n<\/div>\n\n\n\n<div id=\"balti\" class=\"wp-block-group is-layout-flow wp-block-group-is-layout-flow\">\n<\/div>\n\n\n\n<div id=\"curry\" class=\"wp-block-group is-layout-flow wp-block-group-is-layout-flow\">\n<\/div>\n\n\n\n<div id=\"achar-masala\" class=\"wp-block-group is-layout-flow wp-block-group-is-layout-flow\">\n<\/div>\n\n\n\n<div id=\"shahi-korma\" class=\"wp-block-group is-layout-flow wp-block-group-is-layout-flow\">\n<\/div>\n\n\n\n\n\n\n<div id=\"butter-masala\" class=\"wp-block-group is-layout-flow wp-block-group-is-layout-flow\">\n<\/div>\n\n\n\n<div id=\"vegetar\" class=\"wp-block-group is-layout-flow wp-block-group-is-layout-flow\">\n<\/div>\n\n\n\n<div id=\"vegansk\" class=\"wp-block-group is-layout-flow wp-block-group-is-layout-flow\">\n<\/div>\n\n\n\n<div id=\"tilbehor\" class=\"wp-block-group is-layout-flow wp-block-group-is-layout-flow\">\n<\/div>\n\n\n\n<div id=\"desserter\" class=\"wp-block-group is-layout-flow wp-block-group-is-layout-flow\">\n<\/div>\n\n\n\n<div id=\"laskedrikke\" class=\"wp-block-group is-layout-flow wp-block-group-is-layout-flow\">\n<\/div>\n\n\n\n<div class=\"wp-block-group is-layout-flow wp-block-group-is-layout-flow\">\n<\/div>\n\n\n\n<div id=\"ol\" class=\"wp-block-group is-layout-flow wp-block-group-is-layout-flow\">\n<\/div>\n\n\n\n<div id=\"rodvin\" class=\"wp-block-group is-layout-flow wp-block-group-is-layout-flow\">\n<\/div>\n\n\n\n<div id=\"hvidvin\" class=\"wp-block-group is-layout-flow wp-block-group-is-layout-flow\">\n<\/div>\n\n\n\n\n\n\n","protected":false},"excerpt":{"rendered":"<p>Bestil Indisk Take Away&nbsp; Har du s\u00e6rlige \u00f8nsker? S\u00e5 ring til os p\u00e5 78707877 h\u00f8r mere om, hvad restauranterne tilbyder. Husk at v\u00e6lge, hvor meget chili der skal i retterne.<\/p>\n","protected":false},"author":1,"featured_media":176,"parent":0,"menu_order":0,"comment_status":"closed","ping_status":"closed","template":"","meta":{"footnotes":""},"class_list":["post-325","page","type-page","status-publish","has-post-thumbnail","hentry"],"yoast_head":"<!-- This site is optimized with the Yoast SEO plugin v27.3 - https:\/\/yoast.com\/product\/yoast-seo-wordpress\/ -->\n<title>Indisk Take Away - Udbringing i K\u00f8benhavn - Hurtig Levering<\/title>\n<meta name=\"description\" content=\"Bestil l\u00e6kker Indisk Take Away fra en af vores restauranter p\u00e5 N\u00f8rrebro eller Vesterbro. Udbringning &amp; collect.\" \/>\n<meta name=\"robots\" content=\"index, follow, max-snippet:-1, max-image-preview:large, max-video-preview:-1\" \/>\n<link rel=\"canonical\" href=\"https:\/\/www.tillty.com\/tandoori-masala\/\" \/>\n<meta property=\"og:locale\" content=\"da_DK\" \/>\n<meta property=\"og:type\" content=\"article\" \/>\n<meta property=\"og:title\" content=\"Indisk Take Away - Udbringing i K\u00f8benhavn - Hurtig Levering\" \/>\n<meta property=\"og:description\" content=\"Bestil l\u00e6kker Indisk Take Away fra en af vores restauranter p\u00e5 N\u00f8rrebro eller Vesterbro. Udbringning &amp; collect.\" \/>\n<meta property=\"og:url\" content=\"https:\/\/www.tillty.com\/tandoori-masala\/\" \/>\n<meta property=\"og:site_name\" content=\"Tandoori Masala\" \/>\n<meta property=\"article:modified_time\" content=\"2025-06-18T07:37:48+00:00\" \/>\n<meta property=\"og:image\" content=\"https:\/\/www.tillty.com\/tandoori-masala\/wp-content\/uploads\/sites\/120\/2021\/07\/Catering-slide.jpg\" \/>\n\t<meta property=\"og:image:width\" content=\"1920\" \/>\n\t<meta property=\"og:image:height\" content=\"1280\" \/>\n\t<meta property=\"og:image:type\" content=\"image\/jpeg\" \/>\n<meta name=\"twitter:card\" content=\"summary_large_image\" \/>\n<script type=\"application\/ld+json\" class=\"yoast-schema-graph\">{\"@context\":\"https:\\\/\\\/schema.org\",\"@graph\":[{\"@type\":\"WebPage\",\"@id\":\"https:\\\/\\\/www.tillty.com\\\/tandoori-masala\\\/\",\"url\":\"https:\\\/\\\/www.tillty.com\\\/tandoori-masala\\\/\",\"name\":\"Indisk Take Away - Udbringing i K\u00f8benhavn - Hurtig Levering\",\"isPartOf\":{\"@id\":\"https:\\\/\\\/www.tillty.com\\\/tandoori-masala\\\/#website\"},\"primaryImageOfPage\":{\"@id\":\"https:\\\/\\\/www.tillty.com\\\/tandoori-masala\\\/#primaryimage\"},\"image\":{\"@id\":\"https:\\\/\\\/www.tillty.com\\\/tandoori-masala\\\/#primaryimage\"},\"thumbnailUrl\":\"https:\\\/\\\/i0.wp.com\\\/www.tillty.com\\\/tandoori-masala\\\/wp-content\\\/uploads\\\/sites\\\/120\\\/2021\\\/07\\\/Catering-slide.jpg?fit=1920%2C1280&ssl=1\",\"datePublished\":\"2021-07-21T06:35:00+00:00\",\"dateModified\":\"2025-06-18T07:37:48+00:00\",\"description\":\"Bestil l\u00e6kker Indisk Take Away fra en af vores restauranter p\u00e5 N\u00f8rrebro eller Vesterbro. Udbringning & collect.\",\"breadcrumb\":{\"@id\":\"https:\\\/\\\/www.tillty.com\\\/tandoori-masala\\\/#breadcrumb\"},\"inLanguage\":\"da-DK\",\"potentialAction\":[{\"@type\":\"ReadAction\",\"target\":[\"https:\\\/\\\/www.tillty.com\\\/tandoori-masala\\\/\"]}]},{\"@type\":\"ImageObject\",\"inLanguage\":\"da-DK\",\"@id\":\"https:\\\/\\\/www.tillty.com\\\/tandoori-masala\\\/#primaryimage\",\"url\":\"https:\\\/\\\/i0.wp.com\\\/www.tillty.com\\\/tandoori-masala\\\/wp-content\\\/uploads\\\/sites\\\/120\\\/2021\\\/07\\\/Catering-slide.jpg?fit=1920%2C1280&ssl=1\",\"contentUrl\":\"https:\\\/\\\/i0.wp.com\\\/www.tillty.com\\\/tandoori-masala\\\/wp-content\\\/uploads\\\/sites\\\/120\\\/2021\\\/07\\\/Catering-slide.jpg?fit=1920%2C1280&ssl=1\",\"width\":1920,\"height\":1280,\"caption\":\"Udvalg af autentisk indisk mad. Uds\u00f8gte retter fra det indiske k\u00f8kken best\u00e5ende af friske r\u00e5varer til brug i indisk catering og take away\"},{\"@type\":\"BreadcrumbList\",\"@id\":\"https:\\\/\\\/www.tillty.com\\\/tandoori-masala\\\/#breadcrumb\",\"itemListElement\":[{\"@type\":\"ListItem\",\"position\":1,\"name\":\"Home\",\"item\":\"https:\\\/\\\/www.tillty.com\\\/tandoori-masala\\\/\"},{\"@type\":\"ListItem\",\"position\":2,\"name\":\"Indisk Take Away\"}]},{\"@type\":\"WebSite\",\"@id\":\"https:\\\/\\\/www.tillty.com\\\/tandoori-masala\\\/#website\",\"url\":\"https:\\\/\\\/www.tillty.com\\\/tandoori-masala\\\/\",\"name\":\"Tandoori Masala\",\"description\":\"Indisk restaurant og takeaway\",\"publisher\":{\"@id\":\"https:\\\/\\\/www.tillty.com\\\/tandoori-masala\\\/#organization\"},\"potentialAction\":[{\"@type\":\"SearchAction\",\"target\":{\"@type\":\"EntryPoint\",\"urlTemplate\":\"https:\\\/\\\/www.tillty.com\\\/tandoori-masala\\\/?s={search_term_string}\"},\"query-input\":{\"@type\":\"PropertyValueSpecification\",\"valueRequired\":true,\"valueName\":\"search_term_string\"}}],\"inLanguage\":\"da-DK\"},{\"@type\":\"Organization\",\"@id\":\"https:\\\/\\\/www.tillty.com\\\/tandoori-masala\\\/#organization\",\"name\":\"Tandoori Masala\",\"url\":\"https:\\\/\\\/www.tillty.com\\\/tandoori-masala\\\/\",\"logo\":{\"@type\":\"ImageObject\",\"inLanguage\":\"da-DK\",\"@id\":\"https:\\\/\\\/www.tillty.com\\\/tandoori-masala\\\/#\\\/schema\\\/logo\\\/image\\\/\",\"url\":\"https:\\\/\\\/i0.wp.com\\\/www.tillty.com\\\/tandoori-masala\\\/wp-content\\\/uploads\\\/sites\\\/120\\\/2021\\\/07\\\/logo.png?fit=165%2C142&ssl=1\",\"contentUrl\":\"https:\\\/\\\/i0.wp.com\\\/www.tillty.com\\\/tandoori-masala\\\/wp-content\\\/uploads\\\/sites\\\/120\\\/2021\\\/07\\\/logo.png?fit=165%2C142&ssl=1\",\"width\":165,\"height\":142,\"caption\":\"Tandoori Masala\"},\"image\":{\"@id\":\"https:\\\/\\\/www.tillty.com\\\/tandoori-masala\\\/#\\\/schema\\\/logo\\\/image\\\/\"}}]}<\/script>\n<!-- \/ Yoast SEO plugin. -->","yoast_head_json":{"title":"Indisk Take Away - Udbringing i K\u00f8benhavn - Hurtig Levering","description":"Bestil l\u00e6kker Indisk Take Away fra en af vores restauranter p\u00e5 N\u00f8rrebro eller Vesterbro. Udbringning & collect.","robots":{"index":"index","follow":"follow","max-snippet":"max-snippet:-1","max-image-preview":"max-image-preview:large","max-video-preview":"max-video-preview:-1"},"canonical":"https:\/\/www.tillty.com\/tandoori-masala\/","og_locale":"da_DK","og_type":"article","og_title":"Indisk Take Away - Udbringing i K\u00f8benhavn - Hurtig Levering","og_description":"Bestil l\u00e6kker Indisk Take Away fra en af vores restauranter p\u00e5 N\u00f8rrebro eller Vesterbro. Udbringning & collect.","og_url":"https:\/\/www.tillty.com\/tandoori-masala\/","og_site_name":"Tandoori Masala","article_modified_time":"2025-06-18T07:37:48+00:00","og_image":[{"width":1920,"height":1280,"url":"https:\/\/www.tillty.com\/tandoori-masala\/wp-content\/uploads\/sites\/120\/2021\/07\/Catering-slide.jpg","type":"image\/jpeg"}],"twitter_card":"summary_large_image","schema":{"@context":"https:\/\/schema.org","@graph":[{"@type":"WebPage","@id":"https:\/\/www.tillty.com\/tandoori-masala\/","url":"https:\/\/www.tillty.com\/tandoori-masala\/","name":"Indisk Take Away - Udbringing i K\u00f8benhavn - Hurtig Levering","isPartOf":{"@id":"https:\/\/www.tillty.com\/tandoori-masala\/#website"},"primaryImageOfPage":{"@id":"https:\/\/www.tillty.com\/tandoori-masala\/#primaryimage"},"image":{"@id":"https:\/\/www.tillty.com\/tandoori-masala\/#primaryimage"},"thumbnailUrl":"https:\/\/i0.wp.com\/www.tillty.com\/tandoori-masala\/wp-content\/uploads\/sites\/120\/2021\/07\/Catering-slide.jpg?fit=1920%2C1280&ssl=1","datePublished":"2021-07-21T06:35:00+00:00","dateModified":"2025-06-18T07:37:48+00:00","description":"Bestil l\u00e6kker Indisk Take Away fra en af vores restauranter p\u00e5 N\u00f8rrebro eller Vesterbro. Udbringning & collect.","breadcrumb":{"@id":"https:\/\/www.tillty.com\/tandoori-masala\/#breadcrumb"},"inLanguage":"da-DK","potentialAction":[{"@type":"ReadAction","target":["https:\/\/www.tillty.com\/tandoori-masala\/"]}]},{"@type":"ImageObject","inLanguage":"da-DK","@id":"https:\/\/www.tillty.com\/tandoori-masala\/#primaryimage","url":"https:\/\/i0.wp.com\/www.tillty.com\/tandoori-masala\/wp-content\/uploads\/sites\/120\/2021\/07\/Catering-slide.jpg?fit=1920%2C1280&ssl=1","contentUrl":"https:\/\/i0.wp.com\/www.tillty.com\/tandoori-masala\/wp-content\/uploads\/sites\/120\/2021\/07\/Catering-slide.jpg?fit=1920%2C1280&ssl=1","width":1920,"height":1280,"caption":"Udvalg af autentisk indisk mad. Uds\u00f8gte retter fra det indiske k\u00f8kken best\u00e5ende af friske r\u00e5varer til brug i indisk catering og take away"},{"@type":"BreadcrumbList","@id":"https:\/\/www.tillty.com\/tandoori-masala\/#breadcrumb","itemListElement":[{"@type":"ListItem","position":1,"name":"Home","item":"https:\/\/www.tillty.com\/tandoori-masala\/"},{"@type":"ListItem","position":2,"name":"Indisk Take Away"}]},{"@type":"WebSite","@id":"https:\/\/www.tillty.com\/tandoori-masala\/#website","url":"https:\/\/www.tillty.com\/tandoori-masala\/","name":"Tandoori Masala","description":"Indisk restaurant og takeaway","publisher":{"@id":"https:\/\/www.tillty.com\/tandoori-masala\/#organization"},"potentialAction":[{"@type":"SearchAction","target":{"@type":"EntryPoint","urlTemplate":"https:\/\/www.tillty.com\/tandoori-masala\/?s={search_term_string}"},"query-input":{"@type":"PropertyValueSpecification","valueRequired":true,"valueName":"search_term_string"}}],"inLanguage":"da-DK"},{"@type":"Organization","@id":"https:\/\/www.tillty.com\/tandoori-masala\/#organization","name":"Tandoori Masala","url":"https:\/\/www.tillty.com\/tandoori-masala\/","logo":{"@type":"ImageObject","inLanguage":"da-DK","@id":"https:\/\/www.tillty.com\/tandoori-masala\/#\/schema\/logo\/image\/","url":"https:\/\/i0.wp.com\/www.tillty.com\/tandoori-masala\/wp-content\/uploads\/sites\/120\/2021\/07\/logo.png?fit=165%2C142&ssl=1","contentUrl":"https:\/\/i0.wp.com\/www.tillty.com\/tandoori-masala\/wp-content\/uploads\/sites\/120\/2021\/07\/logo.png?fit=165%2C142&ssl=1","width":165,"height":142,"caption":"Tandoori Masala"},"image":{"@id":"https:\/\/www.tillty.com\/tandoori-masala\/#\/schema\/logo\/image\/"}}]}},"jetpack_sharing_enabled":true,"_links":{"self":[{"href":"https:\/\/www.tillty.com\/tandoori-masala\/wp-json\/wp\/v2\/pages\/325","targetHints":{"allow":["GET"]}}],"collection":[{"href":"https:\/\/www.tillty.com\/tandoori-masala\/wp-json\/wp\/v2\/pages"}],"about":[{"href":"https:\/\/www.tillty.com\/tandoori-masala\/wp-json\/wp\/v2\/types\/page"}],"author":[{"embeddable":true,"href":"https:\/\/www.tillty.com\/tandoori-masala\/wp-json\/wp\/v2\/users\/1"}],"replies":[{"embeddable":true,"href":"https:\/\/www.tillty.com\/tandoori-masala\/wp-json\/wp\/v2\/comments?post=325"}],"version-history":[{"count":90,"href":"https:\/\/www.tillty.com\/tandoori-masala\/wp-json\/wp\/v2\/pages\/325\/revisions"}],"predecessor-version":[{"id":24301,"href":"https:\/\/www.tillty.com\/tandoori-masala\/wp-json\/wp\/v2\/pages\/325\/revisions\/24301"}],"wp:featuredmedia":[{"embeddable":true,"href":"https:\/\/www.tillty.com\/tandoori-masala\/wp-json\/wp\/v2\/media\/176"}],"wp:attachment":[{"href":"https:\/\/www.tillty.com\/tandoori-masala\/wp-json\/wp\/v2\/media?parent=325"}],"curies":[{"name":"wp","href":"https:\/\/api.w.org\/{rel}","templated":true}]}}