{"id":194,"date":"2023-12-05T08:02:46","date_gmt":"2023-12-05T07:02:46","guid":{"rendered":"https:\/\/www.tillty.com\/camping-se\/?page_id=194"},"modified":"2023-12-06T03:13:45","modified_gmt":"2023-12-06T02:13:45","slug":"kopvillkor","status":"publish","type":"page","link":"https:\/\/www.tillty.com\/camping-se\/kopvillkor\/","title":{"rendered":"K\u00f6pvillkor"},"content":{"rendered":"\n<p>Villkor f\u00f6r best\u00e4llning hos<\/p>\n\n\n\n<p><br>Camping Malm\u00f6<br>Camping Malmo\u0308 AB<br>c\/o ECIT Services AB Kungsgatan 6<br>211 49 Malmo\u0308<br>VATno.: SE559424789101<\/p>\n\n\n\n<p><br>Organisationsnummer :559424-7891<\/p>\n\n\n\n<p><br>Email: malmo@camping.bar<br>Telefon: +46406688318<\/p>\n\n\n\n<p>Nedan \u00e4ven kallad vi\/oss.<\/p>\n\n\n\n<h2 class=\"wp-block-heading\"><br>Inledning<\/h2>\n\n\n\n<p><br>Dessa villkor g\u00e4ller s\u00e5 snart du \u00f6ppnar best\u00e4llningssidan hos oss eller n\u00e4r sidan inl\u00e4ses i bakgrunden.<\/p>\n\n\n\n<p>N\u00e4r du g\u00f6r ett k\u00f6p online eller best\u00e4ller via telefon\/e-mail hos oss, samlas upplysningar om dig som anv\u00e4nds till att administrera v\u00e5ra best\u00e4llningar i allm\u00e4nhet. Likas\u00e5 kan vi s\u00e5 snart du ger oss samtycke, samla in data f\u00f6r anv\u00e4ndning i v\u00e5r marknadsf\u00f6ring.<\/p>\n\n\n\n<p>Vi har ansvaret f\u00f6r dina personuppgifter n\u00e4r du best\u00e4ller hos oss, oavsett om du best\u00e4ller online eller via telefon\/e-mail.<\/p>\n\n\n\n<p>Vi vill g\u00f6ra dig uppm\u00e4rksam p\u00e5 att vi l\u00f6pande kan \u00e4ndra de villkor som g\u00e4ller f\u00f6r denna best\u00e4llningstj\u00e4nst. Detta kan t.ex. bero p\u00e5 \u00e4ndrade lagkrav eller \u00e4ndringar i den best\u00e4llningstj\u00e4nst vi anv\u00e4nder.<\/p>\n\n\n\n<p>\u00c4ndringar p\u00e5 grund av nya funktioner i denna tj\u00e4nst eller \u00e4ndringar p\u00e5 grund av juridiska sk\u00e4l tr\u00e4der i kraft omedelbart.<\/p>\n\n\n\n<p>Om du inte godk\u00e4nner dessa villkor f\u00f6r denna best\u00e4llningstj\u00e4nst skall du avsluta tj\u00e4nsten omedelbart.<\/p>\n\n\n\n<p>Nedan kan du l\u00e4sa mer om hur vi hanterar dina personuppgifter.<\/p>\n\n\n\n<h2 class=\"wp-block-heading\">1. Vilken personlig information\/data samlar vi in?<\/h2>\n\n\n\n<p>F\u00f6r att vi ska kunna hantera din best\u00e4llning beh\u00f6ver vi samla in f\u00f6ljande personuppgifter om dig:<\/p>\n\n\n\n<ul class=\"wp-block-list\">\n<li>Ditt namn<\/li>\n\n\n\n<li>E-mail adress<\/li>\n\n\n\n<li>Telefonnummer\/mobilnummer<\/li>\n\n\n\n<li>Evt. personliga upplysningar som du anger via fritext.<\/li>\n\n\n\n<li>K\u00f6p\/transaktionsinformation<\/li>\n\n\n\n<li>Cookies (se mer under pkt. 7)<\/li>\n\n\n\n<li>Datum\/tidsm\u00e4ssiga val i f\u00f6rh\u00e5llande till din best\u00e4llning<\/li>\n\n\n\n<li>IP adress<\/li>\n\n\n\n<li>Serverloggar<\/li>\n<\/ul>\n\n\n\n<h2 class=\"wp-block-heading\">2. Anv\u00e4ndning och hantering av personuppgifter<\/h2>\n\n\n\n<p>Vi anv\u00e4nder dina personuppgifter i v\u00e5r dagliga administration och hantering av best\u00e4llningar. Personuppgifterna anv\u00e4nds till att identifiera dig i egenskap av best\u00e4llare. Endast p\u00e5 detta s\u00e4tt har vi m\u00f6jlighet att kontakta dig g\u00e4llande din best\u00e4llning samt identifiera dig vid h\u00e4mtning hos oss.<\/p>\n\n\n\n<p>Ut\u00f6ver detta kan vi anv\u00e4nda dina personuppgifter f\u00f6r att vid tillf\u00e4lle skicka orderstatus\/servicemeddelanden eller feedbackfr\u00e5gor via mail och\/eller SMS i samband med eller strax efter ditt bes\u00f6k hos oss, och d\u00e4rmed \u00e4ven i administrationen av ditt inkommande svar.<\/p>\n\n\n\n<p>Vi kan ocks\u00e5 anv\u00e4nda dina personuppgifter f\u00f6r att se samband mellan dina best\u00e4llningar hos oss, tex antal bes\u00f6k\/k\u00f6p du har gjort eller feedback du har l\u00e4mnat.<\/p>\n\n\n\n<p>N\u00e4r du har accepterat anv\u00e4ndarvillkoren, kan vi anv\u00e4nda dina personuppgifter till marknadsf\u00f6ring s\u00e5 som att skicka ut nyhetsbrev per e-mail och\/eller SMS. Denna tj\u00e4nst kan alltid avslutas om s\u00e5 \u00f6nskas.<\/p>\n\n\n\n<h2 class=\"wp-block-heading\">3. Lagring och skydd av personuppgifter<\/h2>\n\n\n\n<p>Vi lagrar dina personuppgifter i v\u00e5rt best\u00e4llningssystem fr\u00e5n v\u00e5r underleverant\u00f6r, som har lagpliktig hantering av personuppgifter.<\/p>\n\n\n\n<p>AIl kommunikation i f\u00f6rbindelse med online best\u00e4llning och anv\u00e4ndning av best\u00e4llningssystemet i \u00f6vrigt sker krypterat via SSL\/HTTPS<\/p>\n\n\n\n<p>Vi anonymiserar alla dina personuppgifter s\u00e5 att uppgifterna endast kan anv\u00e4ndas f\u00f6r statistiska visningar som inte kan kopplas till identifiering av individer.<\/p>\n\n\n\n<p>Dina personuppgifter anonymiseras 5 \u00e5r efter din senaste best\u00e4llning. Personuppgifter kan vid tillf\u00e4lle lagras i mer \u00e4n 5 \u00e5r. Detta kr\u00e4ver dock, att du specifikt har godk\u00e4nt detta tex. i samband med anm\u00e4lan till v\u00e5ra nyhetsbrev eller liknande. Eller om det skulle finnas andra lagkrav som kr\u00e4ver att vi lagrar dina uppgifter under en l\u00e4ngre period.<\/p>\n\n\n\n<p>Dina personuppgifter \u00e4r endast tillg\u00e4ngliga f\u00f6r de av v\u00e5ra anst\u00e4llda som arbetar med den dagliga hanteringen av best\u00e4llningar och ledande personal.<\/p>\n\n\n\n<h2 class=\"wp-block-heading\">4. Delning av personuppgifter<\/h2>\n\n\n\n<p>Genom att acceptera dessa villkor ger du ditt samtycke till att vi delar dina personuppgifter med v\u00e5r leverant\u00f6r av best\u00e4llningstj\u00e4nsten som vi har ett lagstadgat avtal med.<\/p>\n\n\n\n<p>Din information kan \u00e4ven komma att vidarebefordras till andra leverant\u00f6rer som tex betalningsleverant\u00f6r, e-postleverant\u00f6r, sms-leverant\u00f6r och andra tj\u00e4nsteleverant\u00f6rer som \u00e4r n\u00f6dv\u00e4ndiga f\u00f6r att hantera din best\u00e4llning.<\/p>\n\n\n\n<p>Vi delar endast personuppgifter till v\u00e5ra samarbetspartners eller andra betrodda f\u00f6retag for att uppr\u00e4tth\u00e5lla den l\u00f6pande verksamheten och ge b\u00e4sta m\u00f6jliga service.<\/p>\n\n\n\n<p>F\u00f6r att optimera denna best\u00e4llningstj\u00e4nst samlas data och statistik om anv\u00e4ndarbeteende in p\u00e5 sajten, denna information samlas in i samarbete med olika underleverant\u00f6rer och anv\u00e4nds endast f\u00f6r statistiska \u00e4ndam\u00e5l och allm\u00e4nt anv\u00e4ndarbeteende.<\/p>\n\n\n\n<h2 class=\"wp-block-heading\">5. Sociala Media och Personuppgifter<\/h2>\n\n\n\n<p>Vi kan anv\u00e4nda sociala mediers \u201dknappar\u201d \/ plugins i samband med best\u00e4llning fr\u00e5n oss. Detta f\u00f6r att slippa ange personlig information som namn, e-post och telefonnummer.<\/p>\n\n\n\n<h2 class=\"wp-block-heading\">6. Google Analytics<\/h2>\n\n\n\n<p>Vi anv\u00e4nder Google Analytics f\u00f6r att samla in bes\u00f6ksstatistik och i samband med detta f\u00f6rmedla IP-adresser till Google Analytics. Google kan komma att vidarebefordra informationen till tredje part d\u00e4r lagen kr\u00e4ver detta eller till tredje part som utf\u00f6r uppgifter \u00e5t dem.<\/p>\n\n\n\n<p>Sekretessvillkoren f\u00f6r Google Analytics accepteras vid online order\/best\u00e4llning hos oss och framg\u00e5r h\u00e4r; http:\/\/www.google.com\/privacy.html.<\/p>\n\n\n\n<h2 class=\"wp-block-heading\">7. Cookies \/ ej personlig information<\/h2>\n\n\n\n<p>Vi samlar in digital information om din best\u00e4llning p\u00e5 olika s\u00e4tt. Ingen av dessa uppgifter g\u00f6r det m\u00f6jligt att sp\u00e5ra dig som person, utan endast till den dator som du har f\u00e5tt tillg\u00e5ng fr\u00e5n.<\/p>\n\n\n\n<p>Vi anv\u00e4nder cookies f\u00f6r att g\u00f6ra din upplevelse b\u00e4ttre i samband med din best\u00e4llning hos oss. En cookie \u00e4r en liten m\u00e4ngd data som lagras i din webbl\u00e4sare och kan endast l\u00e4sas av databehandlaren.<\/p>\n\n\n\n<p>En cookie inneh\u00e5ller information som tex dina inst\u00e4llningar p\u00e5 datorn, inneh\u00e5llet i en bokning, interna serverdata eller annan data som anv\u00e4nds av v\u00e5r server. Cookies \u00e4r inget program som k\u00f6rs p\u00e5 din dator, utan sm\u00e5 bitar av textdata som skickas fram och tillbaka till din dator. Cookies \u00e4r<br>varken ett spionprogram eller ett virus.<\/p>\n\n\n\n<p>Vi skiljer p\u00e5 om cookien f\u00f6rsvinner n\u00e4r du st\u00e4nger din webbl\u00e4sare (sessionscookies) eller om de lagras p\u00e5 din dator (best\u00e4ndiga cookies). Vi skiljer \u00e4ven p\u00e5 om cookien har oss\/leverant\u00f6ren som avs\u00e4ndare (f\u00f6rsta-parts-cookies) eller n\u00e5gon av v\u00e5ra partners som avs\u00e4ndare (tredje-parts-<br>cookies).<\/p>\n\n\n\n<p>I de flesta webbl\u00e4sare kan du \u00e4ndra inst\u00e4llningarna f\u00f6r vilka cookies som placeras p\u00e5 din dator.<\/p>\n\n\n\n<p>Vi anv\u00e4nder endast permanenta cookies f\u00f6r att g\u00f6ra din best\u00e4llningsupplevelse s\u00e5 bra som m\u00f6jligt.<\/p>\n\n\n\n<p>Den insamlade informationen anv\u00e4nder vi f\u00f6r kunskap om beteendet p\u00e5 v\u00e5ra webbplatser.<\/p>\n\n\n\n<p>Sessionscookies f\u00f6rsvinner n\u00e4r du l\u00e4mnar v\u00e5r dom\u00e4n.<\/p>\n\n\n\n<h2 class=\"wp-block-heading\">8. Insikt\/\u00c5terkallesle\/Radering av dina personuppgifter<\/h2>\n\n\n\n<p>I linje med EUs personuppgiftsf\u00f6rordning g\u00e4ller tydliga regler f\u00f6r n\u00e4r du kan beg\u00e4ra tillg\u00e5ng till dina personuppgifter. Enligt lagen har alla EU-medborgare alltid \u201dR\u00e4tten att bli gl\u00f6md\u201d.<\/p>\n\n\n\n<p>Om du \u00f6nskar att vi raderar samtliga personuppgifter vi kan ha registrerat, kontakta oss via mail:<br>malmo@camping.bar eller via f\u00f6ljande f\u00f6retagsinformation:<\/p>\n\n\n\n<p>Camping Malm\u00f6<br>Camping Malmo\u0308 AB<br>c\/o ECIT Services AB Kungsgatan 6<br>211 49 Malmo\u0308<br>VATno.: SE559424789101<\/p>\n\n\n\n<p>Organisationsnummer :559424-7891<br>Email: malmo@camping.bar<br>Telefon: +46406688318<\/p>\n\n\n\n<p>Vi uppm\u00e4rksammar ocks\u00e5 att vi inte n\u00f6dv\u00e4ndigtvis kan erbjuda dig en best\u00e4llning om du inte vill f\u00e5 dina personuppgifter registrerade igen.<\/p>\n\n\n\n<h2 class=\"wp-block-heading\">F\u00f6retagsinformation<\/h2>\n\n\n\n<p>Camping Malm\u00f6 \u00e4r ett f\u00f6retag som \u00e4r registrerat med Organisationsnummer :559424-7891, c\/o ECIT Services AB Kungsgatan 6 211 49 Malmo\u0308<\/p>\n\n\n\n<p>Denna webbplats erbjuder m\u00f6jlighet att g\u00f6ra best\u00e4llningar hos Camping Malm\u00f6. <\/p>\n\n\n\n<p>Alla k\u00f6p som g\u00f6rs via denna webbplats sker mellan dig som kund och Camping Malm\u00f6.<\/p>\n\n\n\n<p>Best\u00e4llningar p\u00e5 denna webbplats f\u00f6rmedlas till Camping Malm\u00f6, Strand och betalningar g\u00e5r direkt till Camping Malm\u00f6.<\/p>\n\n\n\n<p>Oavsett vilken del att denna webbplats du bes\u00f6ker, accepterar du webbplatsen anv\u00e4ndarvillkor. <\/p>\n\n\n\n<p>Om du inte accepterar anv\u00e4ndarvillkoren p\u00e5 denna webbplats, skall du l\u00e4mna webbplatsen omedelbart, och du f\u00e5r inte best\u00e4lla n\u00e5gra produkter fr\u00e5n hemsidan.<\/p>\n\n\n\n<p>Vi kan n\u00e4r som helst \u00e4ndra anv\u00e4ndarvillkoren p\u00e5 v\u00e5r hemsida. Du b\u00f6r regelbundet bes\u00f6ka webbplatsen f\u00f6r att l\u00e4sa de till\u00e4mpliga anv\u00e4ndarvillkoren eftersom de \u00e4r bindande f\u00f6r dig.<\/p>\n\n\n\n<p>Du omfattas av de policyer och villkor som g\u00e4ller n\u00e4r du best\u00e4ller produkter fr\u00e5n oss.<\/p>\n\n\n\n<h2 class=\"wp-block-heading\">Juridiska f\u00f6rh\u00e5llande<\/h2>\n\n\n\n<p>Genom att skapa en best\u00e4llning p\u00e5 hemsidan, garanterar du att du lagligen kan ing\u00e5 bindande avtal och att du \u00e4r \u00f6ver 18 \u00e5r.<\/p>\n\n\n\n<h2 class=\"wp-block-heading\">Orderhantering &amp; betalning<\/h2>\n\n\n\n<p>Vi accepterar betalning med kreditkort via ett s\u00e4kert betalningssystem. Priserna \u00e4r i DKK och visas<br>inkl. 25% moms.<\/p>\n\n\n\n<p>Ett betalningssystem fr\u00e5n QuickpayV10 anv\u00e4nds. Kommunikationen med detta betalningssystem har testats och godk\u00e4nts. All kortdata skickas krypterad. OBS! Betalning mot postf\u00f6rskott erbjuds ej.<\/p>\n\n\n\n<p>Om din betalning inte skulle godk\u00e4nnas, kommer din best\u00e4llning heller inte att behandlas eller kommuniceras till Camping Malm\u00f6<\/p>\n\n\n\n<p>N\u00e4r din betalning \u00e4r genomf\u00f6rd kommer vi att b\u00f6rja behandla din best\u00e4llning genom att skicka den till Camping Malm\u00f6, och vi meddelar dig via e-post n\u00e4r best\u00e4llningen \u00e4r mottagen och n\u00e4r din best\u00e4llning behandlas.<\/p>\n\n\n\n<p>Om du betalar med kredit- eller debetkort, kan du bli ombedd att uppvisa betalkortet till Camping Malm\u00f6 vid h\u00e4mtning\/leverans som identifikation och kontroll av att uppgifterna p\u00e5 kortet st\u00e4mmer \u00f6verens med informationen p\u00e5 best\u00e4llningen. Beloppet dras fr\u00e5n betalningskortet i f\u00f6rbindelse med h\u00e4mtning\/leverans, dock senast 30 dagar efter att best\u00e4llningen har genomf\u00f6rts.<\/p>\n\n\n\n<h2 class=\"wp-block-heading\">Priser<\/h2>\n\n\n\n<p>Denna hemsida inneh\u00e5ller ett stort antal produkter och det finns alltid en risk f\u00f6r felskrivning i texter eller priser. Vid s\u00e5dana tillf\u00e4llen har Camping Malm\u00f6 ingen skyldighet att se till att du f\u00e5r best\u00e4llningen till det l\u00e4gre priset \u00e4n vad som f\u00f6r n\u00e4rvarande g\u00e4ller, eller att kompensera dig i samband med felaktiga prisuppgifter, om det felaktiga priset \u00e4r uppenbart felaktigt och du borde ha insett detta i samband med din best\u00e4llning.<\/p>\n\n\n\n<p>Betalningsmetod: Betalning skall ske med ett av de betalnings kort som accepteras p\u00e5 hemsidan, eller kontant till Restaurangen vid h\u00e4mtning om detta \u00e4r ett alternativ.<\/p>\n\n\n\n<h2 class=\"wp-block-heading\">\u00c5ngra eller \u00e4ndring av best\u00e4llning<\/h2>\n\n\n\n<p>N\u00e4r du har lagt din best\u00e4llning och din betalning har godk\u00e4nts kan du inte l\u00e4ngre avbryta din best\u00e4llning och inte heller f\u00e5 pengarna \u00e5terbetalade. Om du \u00f6nskar att \u00e4ndra din best\u00e4llning kan du kontakta Camping Malm\u00f6 p\u00e5 +46406688318, och de kommer att f\u00f6rs\u00f6ka att hj\u00e4lpa dig med din \u00f6nskan. Det finns dock ingen garanti att Camping Malm\u00f6 kan acceptera dina \u00f6nskem\u00e5l d\u00e5 Camping Malm\u00f6 redan kan ha p\u00e5b\u00f6rjat f\u00f6rberedelserna av din best\u00e4llning.<\/p>\n\n\n\n<h2 class=\"wp-block-heading\">Klagom\u00e5l<\/h2>\n\n\n\n<p>Om du inte \u00e4r n\u00f6jd med kvalit\u00e9n av en produkt eller den service du har k\u00f6pt hos Camping Malm\u00f6 kan du l\u00e4mna feedback till oss i form av recensioner, kommentarer och betyg p\u00e5 malmo@camping.bar, som \u00e5terspeglar din upplevelse.<\/p>\n","protected":false},"excerpt":{"rendered":"<p> [&hellip;]<\/p>\n","protected":false},"author":1,"featured_media":0,"parent":0,"menu_order":0,"comment_status":"closed","ping_status":"closed","template":"","meta":{"footnotes":""},"class_list":["post-194","page","type-page","status-publish","hentry"],"yoast_head":"<!-- This site is optimized with the Yoast SEO plugin v27.3 - https:\/\/yoast.com\/product\/yoast-seo-wordpress\/ -->\n<title>K\u00f6pvillkor - Camping<\/title>\n<meta name=\"robots\" content=\"index, follow, max-snippet:-1, max-image-preview:large, max-video-preview:-1\" \/>\n<link rel=\"canonical\" href=\"https:\/\/www.tillty.com\/camping-se\/kopvillkor\/\" \/>\n<meta property=\"og:locale\" content=\"sv_SE\" \/>\n<meta property=\"og:type\" content=\"article\" \/>\n<meta property=\"og:title\" content=\"K\u00f6pvillkor - Camping\" \/>\n<meta property=\"og:description\" content=\"[&hellip;]\" \/>\n<meta property=\"og:url\" content=\"https:\/\/www.tillty.com\/camping-se\/kopvillkor\/\" \/>\n<meta property=\"og:site_name\" content=\"Camping\" \/>\n<meta property=\"article:modified_time\" content=\"2023-12-06T02:13:45+00:00\" \/>\n<meta name=\"twitter:card\" content=\"summary_large_image\" \/>\n<script type=\"application\/ld+json\" class=\"yoast-schema-graph\">{\"@context\":\"https:\\\/\\\/schema.org\",\"@graph\":[{\"@type\":\"WebPage\",\"@id\":\"https:\\\/\\\/www.tillty.com\\\/camping-se\\\/kopvillkor\\\/\",\"url\":\"https:\\\/\\\/www.tillty.com\\\/camping-se\\\/kopvillkor\\\/\",\"name\":\"K\u00f6pvillkor - Camping\",\"isPartOf\":{\"@id\":\"https:\\\/\\\/www.tillty.com\\\/camping-se\\\/#website\"},\"datePublished\":\"2023-12-05T07:02:46+00:00\",\"dateModified\":\"2023-12-06T02:13:45+00:00\",\"breadcrumb\":{\"@id\":\"https:\\\/\\\/www.tillty.com\\\/camping-se\\\/kopvillkor\\\/#breadcrumb\"},\"inLanguage\":\"sv-SE\",\"potentialAction\":[{\"@type\":\"ReadAction\",\"target\":[\"https:\\\/\\\/www.tillty.com\\\/camping-se\\\/kopvillkor\\\/\"]}]},{\"@type\":\"BreadcrumbList\",\"@id\":\"https:\\\/\\\/www.tillty.com\\\/camping-se\\\/kopvillkor\\\/#breadcrumb\",\"itemListElement\":[{\"@type\":\"ListItem\",\"position\":1,\"name\":\"Home\",\"item\":\"https:\\\/\\\/www.tillty.com\\\/camping-se\\\/\"},{\"@type\":\"ListItem\",\"position\":2,\"name\":\"K\u00f6pvillkor\"}]},{\"@type\":\"WebSite\",\"@id\":\"https:\\\/\\\/www.tillty.com\\\/camping-se\\\/#website\",\"url\":\"https:\\\/\\\/www.tillty.com\\\/camping-se\\\/\",\"name\":\"Camping\",\"description\":\"Minigolf, Bar &amp; Burgers\",\"publisher\":{\"@id\":\"https:\\\/\\\/www.tillty.com\\\/camping-se\\\/#organization\"},\"potentialAction\":[{\"@type\":\"SearchAction\",\"target\":{\"@type\":\"EntryPoint\",\"urlTemplate\":\"https:\\\/\\\/www.tillty.com\\\/camping-se\\\/?s={search_term_string}\"},\"query-input\":{\"@type\":\"PropertyValueSpecification\",\"valueRequired\":true,\"valueName\":\"search_term_string\"}}],\"inLanguage\":\"sv-SE\"},{\"@type\":\"Organization\",\"@id\":\"https:\\\/\\\/www.tillty.com\\\/camping-se\\\/#organization\",\"name\":\"Camping\",\"url\":\"https:\\\/\\\/www.tillty.com\\\/camping-se\\\/\",\"logo\":{\"@type\":\"ImageObject\",\"inLanguage\":\"sv-SE\",\"@id\":\"https:\\\/\\\/www.tillty.com\\\/camping-se\\\/#\\\/schema\\\/logo\\\/image\\\/\",\"url\":\"https:\\\/\\\/i0.wp.com\\\/www.tillty.com\\\/camping-se\\\/wp-content\\\/uploads\\\/sites\\\/139\\\/2023\\\/12\\\/web-logo.png?fit=200%2C30&ssl=1\",\"contentUrl\":\"https:\\\/\\\/i0.wp.com\\\/www.tillty.com\\\/camping-se\\\/wp-content\\\/uploads\\\/sites\\\/139\\\/2023\\\/12\\\/web-logo.png?fit=200%2C30&ssl=1\",\"width\":200,\"height\":30,\"caption\":\"Camping\"},\"image\":{\"@id\":\"https:\\\/\\\/www.tillty.com\\\/camping-se\\\/#\\\/schema\\\/logo\\\/image\\\/\"}}]}<\/script>\n<!-- \/ Yoast SEO plugin. -->","yoast_head_json":{"title":"K\u00f6pvillkor - Camping","robots":{"index":"index","follow":"follow","max-snippet":"max-snippet:-1","max-image-preview":"max-image-preview:large","max-video-preview":"max-video-preview:-1"},"canonical":"https:\/\/www.tillty.com\/camping-se\/kopvillkor\/","og_locale":"sv_SE","og_type":"article","og_title":"K\u00f6pvillkor - Camping","og_description":"[&hellip;]","og_url":"https:\/\/www.tillty.com\/camping-se\/kopvillkor\/","og_site_name":"Camping","article_modified_time":"2023-12-06T02:13:45+00:00","twitter_card":"summary_large_image","schema":{"@context":"https:\/\/schema.org","@graph":[{"@type":"WebPage","@id":"https:\/\/www.tillty.com\/camping-se\/kopvillkor\/","url":"https:\/\/www.tillty.com\/camping-se\/kopvillkor\/","name":"K\u00f6pvillkor - Camping","isPartOf":{"@id":"https:\/\/www.tillty.com\/camping-se\/#website"},"datePublished":"2023-12-05T07:02:46+00:00","dateModified":"2023-12-06T02:13:45+00:00","breadcrumb":{"@id":"https:\/\/www.tillty.com\/camping-se\/kopvillkor\/#breadcrumb"},"inLanguage":"sv-SE","potentialAction":[{"@type":"ReadAction","target":["https:\/\/www.tillty.com\/camping-se\/kopvillkor\/"]}]},{"@type":"BreadcrumbList","@id":"https:\/\/www.tillty.com\/camping-se\/kopvillkor\/#breadcrumb","itemListElement":[{"@type":"ListItem","position":1,"name":"Home","item":"https:\/\/www.tillty.com\/camping-se\/"},{"@type":"ListItem","position":2,"name":"K\u00f6pvillkor"}]},{"@type":"WebSite","@id":"https:\/\/www.tillty.com\/camping-se\/#website","url":"https:\/\/www.tillty.com\/camping-se\/","name":"Camping","description":"Minigolf, Bar &amp; Burgers","publisher":{"@id":"https:\/\/www.tillty.com\/camping-se\/#organization"},"potentialAction":[{"@type":"SearchAction","target":{"@type":"EntryPoint","urlTemplate":"https:\/\/www.tillty.com\/camping-se\/?s={search_term_string}"},"query-input":{"@type":"PropertyValueSpecification","valueRequired":true,"valueName":"search_term_string"}}],"inLanguage":"sv-SE"},{"@type":"Organization","@id":"https:\/\/www.tillty.com\/camping-se\/#organization","name":"Camping","url":"https:\/\/www.tillty.com\/camping-se\/","logo":{"@type":"ImageObject","inLanguage":"sv-SE","@id":"https:\/\/www.tillty.com\/camping-se\/#\/schema\/logo\/image\/","url":"https:\/\/i0.wp.com\/www.tillty.com\/camping-se\/wp-content\/uploads\/sites\/139\/2023\/12\/web-logo.png?fit=200%2C30&ssl=1","contentUrl":"https:\/\/i0.wp.com\/www.tillty.com\/camping-se\/wp-content\/uploads\/sites\/139\/2023\/12\/web-logo.png?fit=200%2C30&ssl=1","width":200,"height":30,"caption":"Camping"},"image":{"@id":"https:\/\/www.tillty.com\/camping-se\/#\/schema\/logo\/image\/"}}]}},"_links":{"self":[{"href":"https:\/\/www.tillty.com\/camping-se\/wp-json\/wp\/v2\/pages\/194","targetHints":{"allow":["GET"]}}],"collection":[{"href":"https:\/\/www.tillty.com\/camping-se\/wp-json\/wp\/v2\/pages"}],"about":[{"href":"https:\/\/www.tillty.com\/camping-se\/wp-json\/wp\/v2\/types\/page"}],"author":[{"embeddable":true,"href":"https:\/\/www.tillty.com\/camping-se\/wp-json\/wp\/v2\/users\/1"}],"replies":[{"embeddable":true,"href":"https:\/\/www.tillty.com\/camping-se\/wp-json\/wp\/v2\/comments?post=194"}],"version-history":[{"count":2,"href":"https:\/\/www.tillty.com\/camping-se\/wp-json\/wp\/v2\/pages\/194\/revisions"}],"predecessor-version":[{"id":242,"href":"https:\/\/www.tillty.com\/camping-se\/wp-json\/wp\/v2\/pages\/194\/revisions\/242"}],"wp:attachment":[{"href":"https:\/\/www.tillty.com\/camping-se\/wp-json\/wp\/v2\/media?parent=194"}],"curies":[{"name":"wp","href":"https:\/\/api.w.org\/{rel}","templated":true}]}}